What is -46 (base 14) in base 12?
-52
5 (base 14) to base 5
10
-1 (base 4) to base 7
-1
What is 60 (base 12) in base 13?
57
Convert 4 (base 12) to base 10.
4
What is -110 (base 3) in base 8?
-14
What is -20100 (base 3) in base 9?
-210
Convert -3 (base 11) to base 9.
-3
Convert -16 (base 11) to base 14.
-13
0 (base 14) to base 15
0
What is 7 (base 14) in base 4?
13
What is 3 (base 10) in base 3?
10
What is 10111011 (base 2) in base 5?
1222
Convert -4 (base 5) to base 10.
-4
22 (base 11) to base 14
1a
Convert -11 (base 4) to base 13.
-5
Convert 5a (base 14) to base 10.
80
Convert 0 (base 8) to base 5.
0
-301 (base 4) to base 7
-100
What is -2202 (base 3) in base 4?
-1022
Convert -5 (base 13) to base 2.
-101
-18 (base 11) to base 14
-15
Convert -24 (base 11) to base 8.
-32
Convert -1 (base 2) to base 15.
-1
Convert -3 (base 6) to base 13.
-3
1 (base 10) to base 16
1
Convert -17 (base 11) to base 3.
-200
434 (base 6) to base 3
20011
Convert 35 (base 14) to base 4.
233
-1 (base 5) to base 13
-1
What is -131 (base 4) in base 13?
-23
Convert -1 (base 2) to base 7.
-1
Convert -110 (base 4) to base 16.
-14
Convert 33 (base 13) to base 6.
110
What is 17 (base 11) in base 7?
24
1 (base 16) to base 4
1
10 (base 15) to base 2
1111
1 (base 2) to base 16
1
Convert 23 (base 11) to base 9.
27
-1 (base 5) to base 11
-1
Convert 12 (base 3) to base 13.
5
-65 (base 8) to base 4
-311
What is 37 (base 10) in base 7?
52
What is 1 (base 12) in base 4?
1
What is -3 (base 11) in base 7?
-3
-17 (base 12) to base 2
-10011
Convert 67 (base 8) to base 5.
210
What is -12 (base 8) in base 4?
-22
What is -54 (base 6) in base 9?
-37
110100 (base 2) to base 7
103
What is 40 (base 15) in base 12?
50
What is 110 (base 3) in base 2?
1100
Convert 3 (base 15) to base 12.
3
What is 22 (base 6) in base 10?
14
What is 9 (base 12) in base 7?
12
10 (base 15) to base 13
12
Convert -2a (base 11) to base 10.
-32
101010 (base 2) to base 3
1120
1 (base 7) to base 9
1
2 (base 3) to base 6
2
Convert -121 (base 4) to base 5.
-100
10 (base 5) to base 13
5
132 (base 5) to base 8
52
What is 4 (base 6) in base 13?
4
What is -17a (base 14) in base 4?
-10300
What is -1 (base 5) in base 2?
-1
213 (base 4) to base 10
39
What is 2 (base 11) in base 13?
2
10 (base 10) to base 16
a
What is 4b (base 13) in base 11?
58
-5 (base 11) to base 7
-5
What is -14 (base 12) in base 9?
-17
3 (base 8) to base 5
3
What is -2 (base 10) in base 8?
-2
2 (base 7) to base 12
2
What is -123 (base 5) in base 16?
-26
Convert -43 (base 6) to base 11.
-25
Convert 155 (base 13) to base 2.
11101111
-532 (base 8) to base 6
-1334
-4 (base 16) to base 15
-4
Convert 1a (base 14) to base 6.
40
What is -12 (base 5) in base 4?
-13
What is -1122 (base 3) in base 12?
-38
0 (base 7) to base 8
0
1 (base 8) to base 4
1
Convert -202 (base 4) to base 2.
-100010
10 (base 2) to base 15
2
2 (base 5) to base 15
2
What is -1 (base 16) in base 7?
-1
What is -5 (base 9) in base 7?
-5
What is 2 (base 8) in base 3?
2
-10 (base 7) to base 15
-7
10 (base 14) to base 8
16
303 (base 6) to base 12
93
What is -43 (base 14) in base 15?
-3e
-26 (base 12) to base 3
-1010
-145 (base 7) to base 4
-1102
Convert -a8 (base 12) to base 3.
-11202
What is 1 (base 7) in base 16?
1
What is 5 (base 7) in base 10?
5
What is -1 (base 14) in base 6?
-1
Convert -4 (base 8) to base 10.
-4
What is -3 (base 9) in base 10?
-3
Convert 11 (base 3) to base 15.
4
Convert -1 (base 11) to base 12.
-1
-4 (base 9) to base 3
-11
Convert 1 (base 4) to base 3.
1
-1a (base 13) to base 9
-25
Convert 222 (base 4) to base 16.
2a
Convert -3301 (base 4) to base 6.
-1041
-5 (base 10) to base 14
-5
What is -27 (base 8) in base 15?
-18
Convert 332 (base 6) to base 7.
242
1a (base 11) to base 10
21
What is 25 (base 8) in base 12?
19
What is 5 (base 6) in base 11?
5
-122 (base 3) to base 4
-101
What is -22 (base 4) in base 14?
-a
1211 (base 5) to base 2
10110101
What is -3303 (base 4) in base 2?
-11110011
What is -b (base 15) in base 16?
-b
Convert -2 (base 3) to base 4.
-2
-12 (base 11) to base 9
-14
545 (base 6) to base 10
209
83 (base 16) to base 10
131
What is -16 (base 7) in base 3?
-111
Convert 12 (base 4) to base 2.
110
What is -4 (base 9) in base 12?
-4
Convert -6 (base 11) to base 6.
-10
What is 13 (base 5) in base 9?
8
-2 (base 11) to base 14
-2
Convert -1 (base 11) to base 6.
-1
What is -80 (base 10) in base 3?
-2222
Convert 36 (base 7) to base 11.
25
Convert -2 (base 13) to base 4.
-2
Convert -108 (base 12) to base 13.
-b9
Convert -3 (base 13) to base 3.
-10
Convert -432 (base 5) to base 4.
-1311
6 (base 14) to base 13
6
Convert 6 (base 11) to base 5.
11
Convert 48 (base 10) to base 16.
30
-5 (base 6) to base 4
-11
3 (base 7) to base 6
3
-59 (base 16) to base 5
-324
-13 (base 4) to base 7
-10
What is 2242 (base 5) in base 8?
502
Convert -15 (base 14) to base 3.
-201
What is 1 (base 4) in base 16?
1
What is -11 (base 2) in base 9?
-3
3 (base 15) to base 3
10
What is 1c (base 14) in base 2?
11010
What is 12 (base 8) in base 4?
22
What is -10 (base 5) in base 11?
-5
Convert -60 (base 13) to base 6.
-210
Convert -1011 (base 2) to base 16.
-b
Convert 220 (base 3) to base 11.
22
Convert -36 (base 13) to base 5.
-140
What is -11011 (base 3) in base 4?
-1300
Convert -3 (base 9) to base 3.
-10
-90 (base 15) to base 11
-113
What is -14 (base 9) in base 12?
-11
0 (base 12) to base 15
0
Convert -15 (base 13) to base 16.
-12
What is 6 (base 14) in base 2?
110
Convert 18 (base 11) to base 5.
34
What is -7 (base 13) in base 15?
-7
Convert 21000 (base 3) to base 9.
230
1 (base 8) to base 2
1
What is -2 (base 12) in base 16?
-2
-10 (base 14) to base 8
-16
10 (base 2) to base 14
2
Convert -11 (base 2) to base 15.
-3
6 (base 7) to base 9
6
Convert 10000 (base 3) to base 8.
121
Convert -3 (base 8) to base 10.
-3
-11100001 (base 2) to base 15
-100
-141 (base 5) to base 11
-42
-47 (base 8) to base 3
-1110
Convert 31 (base 9) to base 2.
11100
What is -2b (base 12) in base 15?
-25
-1 (base 4) to base 3
-1
What is -1 (base 9) in base 11?
-1
Convert -21 (base 6) to base 10.
-13
Convert -11121 (base 3) to base 6.
-324
-10001011 (base 2) to base 4
-2023
Convert 312 (base 5) to base 6.
214
-17 (base 12) to base 16
-13
What is 8 (base 12) in base 13?
8
31 (base 5) to base 8
20
89 (base 10) to base 3
10022
What is 69 (base 12) in base 15?
56
5 (base 7) to base 10
5
Convert -4 (base 11) to base 4.
-10
1 (base 10) to base 16
1
What is 6 (base 8) in base 12?
6
What is -1132 (base 4) in base 7?
-163
What is 3 (base 8) in base 13?
3
Convert -119 (base 11) to base 5.
-1031
0 (base 4) to base 7
0
-21 (base 9) to base 2
-10011
-2031 (base 4) to base 7
-261
Convert 100 (base 2) to base 13.
4
Convert 4 (base 6) to base 8.
4
-220 (base 5) to base 9
-66
What is -3 (base 6) in base 15?
-3
20011 (base 3) to base 9
204
0 (base 10) to base 6
0
46 (base 10) to base 3
1201
What is -432 (base 5) in base 15?
-7c
What is 20 (base 6) in base 8?
14
Convert 2020 (base 3) to base 10.
60
20 (base 8) to base 2
10000
70 (base 9) to base 5
223
What is -d (base 14) in base 13?
-10
1 (base 6) to base 2
1
Convert 3 (base 15) to base 8.
3
Convert -1 (base 16) to base 5.
-1
Convert 11 (base 3) to base 4.
10
100 (base 14) to base 15
d1
Convert 281 (base 9) to base 15.
10a
Convert -1 (base 4) to base 2.
-1
What is 24 (base 14) in base 16?
20
Convert -21 (base 13) to base 2.
-11011
-111 (base 10) to base 11
-a1
Convert 16 (base 13) to base 4.
103
What is 146 (base 12) in base 8?
306
-202 (base 3) to base 2
-10100
What is 93 (base 14) in base 12?
a9
What is 5f (base 16) in base 7?
164
Convert a0 (base 13) to base 16.
82
What is 47 (base 14) in base 9?
70
10211 (base 4) to base 2
100100101
-135 (base 6) to base 7
-113
Convert -8 (base 16) to base 3.
-22
2 (base 10) to base 15
2
120 (base 3) to base 15
10
Convert 3 (base 11) to base 13.
3
What is 5 (base 10) in base 11?
5
What is 12 (base 4) in base 15?
6
-2102 (base 5) to base 4
-10111
What is 1111001 (base 2) in base 6?
321
Convert 5b (base 14) to base 5.
311
-3 (base 11) to base 16
-3
26a (base 11) to base 9
383
What is 20 (base 5) in base 13?
a
What is 2110 (base 3) in base 16?
42
Convert -1 (base 14) to base 10.
-1
1 (base 5) to base 8
1
What is 31 (base 4) in base 10?
13
-4 (base 13) to base 14
-4
Wh